{"id":74,"date":"2025-10-08T13:58:03","date_gmt":"2025-10-08T11:58:03","guid":{"rendered":"http:\/\/www.teatrneon.pl\/?page_id=74"},"modified":"2025-10-08T13:58:03","modified_gmt":"2025-10-08T11:58:03","slug":"kto-to-neon","status":"publish","type":"page","link":"http:\/\/www.teatrneon.pl\/index.php\/kto-to-neon\/","title":{"rendered":"Kto to NEON?"},"content":{"rendered":"\n<p class=\"has-text-align-center\">Obecnie w sk\u0142ad naszego teatru wchodzi 12 aktor\u00f3w i 3 osoby odpowiedzialne za pion produkcyjno-techniczny<\/p>\n\n\n\n<p>Jeste\u015bmy niezale\u017cn\u0105, amatorsk\u0105 grup\u0105 teatraln\u0105 NEON, zrzeszaj\u0105c\u0105 m\u0142odych aktor\u00f3w i pasjonat\u00f3w sztuki scenicznej o r\u00f3\u017cnorodnym wykszta\u0142ceniu, do\u015bwiadczeniu i spojrzeniu na teatr. \u0141\u0105czy nas wsp\u00f3lna idea \u2013 tworzenie teatru z sercem, szczero\u015bci\u0105 i zaanga\u017cowaniem, w kt\u00f3rym ka\u017cdy mo\u017ce odnale\u017a\u0107 przestrze\u0144 do wyra\u017cania siebie.<\/p>\n\n\n\n<p>Nasza historia rozpocz\u0119\u0142a si\u0119 w 2019 roku w go\u015bcinnych murach Domu Sztuki na Ursynowie w Warszawie. To w\u0142a\u015bnie tam, z inicjatywy Aleksandry Breitling i Magdaleny Strojnowskiej, powsta\u0142 NEON \u2013 przestrze\u0144 tw\u00f3rczego spotkania, eksperymentu i rozmowy poprzez sztuk\u0119. Od tamtej pory nieustannie rozwijamy si\u0119, doskonalimy warsztat aktorski i realizujemy kolejne projekty sceniczne, kt\u00f3re z ka\u017cdym rokiem zyskuj\u0105 coraz szersze grono odbiorc\u00f3w.<\/p>\n\n\n\n<p>W naszej pracy stawiamy na autentyczno\u015b\u0107, wsp\u00f3\u0142prac\u0119 i odwag\u0119 artystyczn\u0105. Eksperymentujemy z form\u0105, \u0142\u0105czymy klasyk\u0119 z nowoczesno\u015bci\u0105, improwizacj\u0119 z teatrem ruchu i s\u0142owa. Ka\u017cdy spektakl to dla nas nowe wyzwanie, a jednocze\u015bnie pretekst do rozmowy \u2013 o emocjach, relacjach i \u015bwiecie, kt\u00f3ry nas otacza.<\/p>\n\n\n\n<p>Teatr NEON to nie tylko scena, ale te\u017c spo\u0142eczno\u015b\u0107 \u2013 ludzie, kt\u00f3rzy wierz\u0105, \u017ce teatr mo\u017ce inspirowa\u0107, jednoczy\u0107 i sk\u0142ania\u0107 do refleksji. Nasz\u0105 misj\u0105 jest tworzenie teatru bliskiego ludziom \u2013 szczerego, odwa\u017cnego i zaanga\u017cowanego. Wierzymy, \u017ce teatr nie musi by\u0107 odleg\u0142y ani elitarny, by porusza\u0142 i inspirowa\u0142. Chcemy budowa\u0107 wsp\u00f3lnot\u0119, w kt\u00f3rej tw\u00f3rcy i widzowie spotykaj\u0105 si\u0119 na r\u00f3wnych prawach \u2013 we wsp\u00f3lnym prze\u017cywaniu, rozmowie i emocjach.<br>Ka\u017cdy nasz spektakl to kolejny krok w poszukiwaniu sensu, formy i prawdy scenicznej, ale te\u017c kolejna okazja, by odkrywa\u0107, jak ogromn\u0105 moc ma wsp\u00f3\u0142praca i wzajemne zaufanie.<br>Patrzymy w przysz\u0142o\u015b\u0107 z entuzjazmem \u2013 z nowymi pomys\u0142ami, nowymi lud\u017ami i niezmienn\u0105 wiar\u0105, \u017ce teatr mo\u017ce roz\u015bwietla\u0107 codzienno\u015b\u0107 \u2013 jak NEON.<\/p>\n\n\n\n<p><\/p>\n\n\n\n<p><em>Chcia\u0142y\u015bmy stworzy\u0107 miejsce otwarte i bezpieczne dla ka\u017cdego, kto czuje potrzeb\u0119 artystycznego wyra\u017cania siebie niekoniecznie w instytucjonalnych, normatywnych ramach teatru. Zale\u017ca\u0142o nam, by NEON sta\u0142 si\u0119 przestrzeni\u0105 wolno\u015bci tw\u00f3rczej \u2014 gdzie mo\u017cna eksperymentowa\u0107, pope\u0142nia\u0107 b\u0142\u0119dy, szuka\u0107 w\u0142asnego j\u0119zyka scenicznego i odkrywa\u0107 w sobie odwag\u0119 do m\u00f3wienia o tym, co naprawd\u0119 wa\u017cne. To w\u0142a\u015bnie z tej potrzeby szczerego, niehierarchicznego spotkania ludzi przez sztuk\u0119 narodzi\u0142 si\u0119 nasz teatr.<\/em> &#8211; m\u00f3wi\u0105 za\u0142o\u017cycielki: Ola i Madzia<\/p>\n\n\n\n<p><\/p>\n","protected":false},"excerpt":{"rendered":"<p>Obecnie w sk\u0142ad naszego teatru wchodzi 12 aktor\u00f3w i 3 osoby odpowiedzialne za pion produkcyjno-techniczny Jeste\u015bmy niezale\u017cn\u0105, amatorsk\u0105 grup\u0105 teatraln\u0105 NEON, zrzeszaj\u0105c\u0105 m\u0142odych aktor\u00f3w i pasjonat\u00f3w sztuki scenicznej o r\u00f3\u017cnorodnym wykszta\u0142ceniu, do\u015bwiadczeniu i spojrzeniu na teatr. \u0141\u0105czy nas wsp\u00f3lna idea \u2013 tworzenie teatru z sercem, szczero\u015bci\u0105 i zaanga\u017cowaniem, w kt\u00f3rym ka\u017cdy mo\u017ce odnale\u017a\u0107 przestrze\u0144 do [&hellip;]<\/p>\n","protected":false},"author":1,"featured_media":0,"parent":0,"menu_order":0,"comment_status":"closed","ping_status":"closed","template":"","meta":{"footnotes":""},"class_list":["post-74","page","type-page","status-publish","hentry"],"_links":{"self":[{"href":"http:\/\/www.teatrneon.pl\/index.php\/wp-json\/wp\/v2\/pages\/74","targetHints":{"allow":["GET"]}}],"collection":[{"href":"http:\/\/www.teatrneon.pl\/index.php\/wp-json\/wp\/v2\/pages"}],"about":[{"href":"http:\/\/www.teatrneon.pl\/index.php\/wp-json\/wp\/v2\/types\/page"}],"author":[{"embeddable":true,"href":"http:\/\/www.teatrneon.pl\/index.php\/wp-json\/wp\/v2\/users\/1"}],"replies":[{"embeddable":true,"href":"http:\/\/www.teatrneon.pl\/index.php\/wp-json\/wp\/v2\/comments?post=74"}],"version-history":[{"count":1,"href":"http:\/\/www.teatrneon.pl\/index.php\/wp-json\/wp\/v2\/pages\/74\/revisions"}],"predecessor-version":[{"id":75,"href":"http:\/\/www.teatrneon.pl\/index.php\/wp-json\/wp\/v2\/pages\/74\/revisions\/75"}],"wp:attachment":[{"href":"http:\/\/www.teatrneon.pl\/index.php\/wp-json\/wp\/v2\/media?parent=74"}],"curies":[{"name":"wp","href":"https:\/\/api.w.org\/{rel}","templated":true}]}}