{"id":16,"date":"2025-01-21T00:28:16","date_gmt":"2025-01-20T23:28:16","guid":{"rendered":"http:\/\/www.teatrneon.pl\/?page_id=16"},"modified":"2025-12-22T12:07:10","modified_gmt":"2025-12-22T11:07:10","slug":"strona-glowna","status":"publish","type":"page","link":"http:\/\/www.teatrneon.pl\/","title":{"rendered":"TEATR NEON"},"content":{"rendered":"\n<figure class=\"wp-block-image size-large\"><img loading=\"lazy\" decoding=\"async\" width=\"1024\" height=\"1024\" src=\"http:\/\/www.teatrneon.pl\/wp-content\/uploads\/2025\/06\/logo-neon-1024x1024.png\" alt=\"\" class=\"wp-image-46\" srcset=\"http:\/\/www.teatrneon.pl\/wp-content\/uploads\/2025\/06\/logo-neon-1024x1024.png 1024w, http:\/\/www.teatrneon.pl\/wp-content\/uploads\/2025\/06\/logo-neon-300x300.png 300w, http:\/\/www.teatrneon.pl\/wp-content\/uploads\/2025\/06\/logo-neon-150x150.png 150w, http:\/\/www.teatrneon.pl\/wp-content\/uploads\/2025\/06\/logo-neon-768x768.png 768w, http:\/\/www.teatrneon.pl\/wp-content\/uploads\/2025\/06\/logo-neon-1536x1536.png 1536w, http:\/\/www.teatrneon.pl\/wp-content\/uploads\/2025\/06\/logo-neon.png 2000w\" sizes=\"auto, (max-width: 1024px) 100vw, 1024px\" \/><\/figure>\n\n\n\n<p class=\"has-x-large-font-size\">Niezale\u017cna grupa teatralna o ma\u0142ym bud\u017cecie i wielkich marzeniach&#8230;<\/p>\n\n\n\n<div class=\"wp-block-group alignfull is-layout-constrained wp-container-core-group-is-layout-0c9c989a wp-block-group-is-layout-constrained\" style=\"min-height:0vh;margin-top:0;margin-bottom:0;padding-top:var(--wp--preset--spacing--70);padding-right:var(--wp--preset--spacing--40);padding-bottom:var(--wp--preset--spacing--70);padding-left:var(--wp--preset--spacing--40)\">\n<div class=\"wp-block-group is-layout-constrained wp-container-core-group-is-layout-346627ba wp-block-group-is-layout-constrained\">\n<h2 class=\"wp-block-heading has-text-align-center has-x-large-font-size\" style=\"margin-right:0;margin-left:0;padding-right:0;padding-left:0\">Kto to NEON?<\/h2>\n\n\n\n<p class=\"has-text-align-center\">Obecnie w sk\u0142ad naszego teatru wchodzi 8 os\u00f3b aktorskich i 3 osoby odpowiedzialne za pion produkcyjno-techniczny<\/p>\n\n\n\n<div class=\"wp-block-buttons is-content-justification-center is-layout-flex wp-container-core-buttons-is-layout-a89b3969 wp-block-buttons-is-layout-flex\">\n<div class=\"wp-block-button\"><a class=\"wp-block-button__link wp-element-button\">Dowiedz si\u0119 wi\u0119cej<\/a><\/div>\n<\/div>\n<\/div>\n<\/div>\n\n\n\n<div class=\"wp-block-group alignfull is-style-section-1 is-layout-constrained wp-block-group-is-layout-constrained\" style=\"margin-top:0;margin-bottom:0;padding-top:var(--wp--preset--spacing--80);padding-bottom:var(--wp--preset--spacing--80)\">\n<div class=\"wp-block-columns alignwide is-layout-flex wp-container-core-columns-is-layout-66fad18a wp-block-columns-is-layout-flex\">\n<div class=\"wp-block-column is-layout-flow wp-block-column-is-layout-flow\" style=\"padding-right:var(--wp--preset--spacing--50);flex-basis:45%\">\n<figure class=\"wp-block-image size-full\"><img loading=\"lazy\" decoding=\"async\" width=\"1152\" height=\"1152\" src=\"http:\/\/www.teatrneon.pl\/wp-content\/uploads\/2025\/06\/462087488_1760400854709445_6572858239352128091_n-edited.jpg\" alt=\"\" class=\"wp-image-42\" srcset=\"http:\/\/www.teatrneon.pl\/wp-content\/uploads\/2025\/06\/462087488_1760400854709445_6572858239352128091_n-edited.jpg 1152w, http:\/\/www.teatrneon.pl\/wp-content\/uploads\/2025\/06\/462087488_1760400854709445_6572858239352128091_n-edited-300x300.jpg 300w, http:\/\/www.teatrneon.pl\/wp-content\/uploads\/2025\/06\/462087488_1760400854709445_6572858239352128091_n-edited-1024x1024.jpg 1024w, http:\/\/www.teatrneon.pl\/wp-content\/uploads\/2025\/06\/462087488_1760400854709445_6572858239352128091_n-edited-150x150.jpg 150w, http:\/\/www.teatrneon.pl\/wp-content\/uploads\/2025\/06\/462087488_1760400854709445_6572858239352128091_n-edited-768x768.jpg 768w\" sizes=\"auto, (max-width: 1152px) 100vw, 1152px\" \/><\/figure>\n\n\n\n<div class=\"wp-block-group is-layout-constrained wp-block-group-is-layout-constrained\" style=\"margin-top:-12vw\">\n<figure class=\"wp-block-image alignright size-full is-resized\" style=\"margin-right:-5vw;margin-left:-5vw\"><img loading=\"lazy\" decoding=\"async\" width=\"817\" height=\"817\" src=\"http:\/\/www.teatrneon.pl\/wp-content\/uploads\/2025\/06\/462534258_557793506883571_5416882523428062945_n-edited-1.jpg\" alt=\"\" class=\"wp-image-45\" style=\"width:319px;height:auto\" srcset=\"http:\/\/www.teatrneon.pl\/wp-content\/uploads\/2025\/06\/462534258_557793506883571_5416882523428062945_n-edited-1.jpg 817w, http:\/\/www.teatrneon.pl\/wp-content\/uploads\/2025\/06\/462534258_557793506883571_5416882523428062945_n-edited-1-300x300.jpg 300w, http:\/\/www.teatrneon.pl\/wp-content\/uploads\/2025\/06\/462534258_557793506883571_5416882523428062945_n-edited-1-150x150.jpg 150w, http:\/\/www.teatrneon.pl\/wp-content\/uploads\/2025\/06\/462534258_557793506883571_5416882523428062945_n-edited-1-768x768.jpg 768w\" sizes=\"auto, (max-width: 817px) 100vw, 817px\" \/><\/figure>\n<\/div>\n<\/div>\n\n\n\n<div class=\"wp-block-column is-vertically-aligned-center is-layout-flow wp-block-column-is-layout-flow\" style=\"padding-right:0;padding-left:0;flex-basis:50%\">\n<div class=\"wp-block-group is-vertical is-layout-flex wp-container-core-group-is-layout-fe9cc265 wp-block-group-is-layout-flex\">\n<h2 class=\"wp-block-heading is-style-text-annotation has-x-large-font-size\">O nas<\/h2>\n<\/div>\n\n\n\n<p class=\"is-style-text-subtitle has-large-font-size\">Jeste\u015bmy niezale\u017cn\u0105, amatorsk\u0105 grup\u0105 teatraln\u0105 zrzeszaj\u0105cych m\u0142odych aktor\u00f3w z r\u00f3\u017cnym wykszta\u0142ceniem i backgroundem dzia\u0142aj\u0105c\u0105 w Warszawie na terenie Domu Sztuki na Ursynowie od 2019 roku. <\/p>\n\n\n\n<p class=\"is-style-text-subtitle has-large-font-size\">Nasz\u0105 dzia\u0142alno\u015b\u0107 zainicjowa\u0142y Aleksandra Breitling i Magdalena Strojnowska, kt\u00f3re od wielu lat zwi\u0105zane s\u0105 z t\u0105 plac\u00f3wk\u0105. Od czasu powstania grupy NEON ca\u0142y czas rozwijamy si\u0119 i tworzymy.<\/p>\n<\/div>\n<\/div>\n<\/div>\n\n\n\n<div class=\"wp-block-group alignfull is-layout-constrained wp-block-group-is-layout-constrained\" style=\"margin-top:0;margin-bottom:0;padding-top:var(--wp--preset--spacing--60);padding-bottom:var(--wp--preset--spacing--60)\">\n<div class=\"wp-block-columns alignwide is-layout-flex wp-container-core-columns-is-layout-74b2cda3 wp-block-columns-is-layout-flex\">\n<div class=\"wp-block-column is-layout-flow wp-block-column-is-layout-flow\">\n<div class=\"wp-block-group is-vertical is-content-justification-left is-layout-flex wp-container-core-group-is-layout-7ce391b6 wp-block-group-is-layout-flex\" style=\"min-height:100%\">\n<h2 class=\"wp-block-heading is-style-text-annotation has-x-small-font-size\">Co o nas m\u00f3wi\u0105 inni:<\/h2>\n\n\n\n<blockquote class=\"wp-block-quote is-style-plain has-x-large-font-size is-layout-flow wp-container-core-quote-is-layout-5dafc681 wp-block-quote-is-layout-flow\" style=\"font-style:normal;font-weight:400\">\n<p><\/p>\n<\/blockquote>\n\n\n\n<p>\u201eSpektakle grupy NEON to prawdziwa uczta dla duszy! Wida\u0107, \u017ce ka\u017cdy wyst\u0119p jest tworzony z ogromn\u0105 pasj\u0105 i zaanga\u017cowaniem. Aktorzy wci\u0105gaj\u0105 widza w \u015bwiat przedstawienia od pierwszej minuty, a emocje nie opuszczaj\u0105 jeszcze d\u0142ugo po wyj\u015bciu z sali. To teatr, kt\u00f3ry naprawd\u0119 porusza!\u201d<\/p>\n\n\n\n<p>\u201eGrupa teatralna NEON imponuje \u015bwie\u017cym podej\u015bciem do formy scenicznej i wyj\u0105tkow\u0105 sp\u00f3jno\u015bci\u0105 artystyczn\u0105. Ich spektakle \u0142\u0105cz\u0105 nowoczesny j\u0119zyk teatralny z g\u0142\u0119bokim przes\u0142aniem, a re\u017cyseria i oprawa wizualna stoj\u0105 na najwy\u017cszym poziomie. To zesp\u00f3\u0142, kt\u00f3ry bez w\u0105tpienia zas\u0142uguje na miejsce w\u015br\u00f3d najciekawszych inicjatyw teatralnych w Polsce.\u201d<\/p>\n\n\n\n<p>\u201eBy\u0142am zachwycona! Grupa NEON potrafi sprawi\u0107, \u017ce teatr staje si\u0119 czym\u015b naprawd\u0119 \u017cywym i wsp\u00f3\u0142czesnym. Nie ma nudy, jest energia, humor i emocje. Wida\u0107, \u017ce aktorzy kochaj\u0105 to, co robi\u0105 \u2013 i ta pasja udziela si\u0119 ka\u017cdemu na widowni!\u201d<\/p>\n\n\n\n<p>\u201eNEON to \u015bwietny przyk\u0142ad, jak mo\u017cna w przyst\u0119pny i artystycznie warto\u015bciowy spos\u00f3b m\u00f3wi\u0107 o wa\u017cnych tematach. Ich spektakle nie tylko bawi\u0105, ale te\u017c ucz\u0105 wra\u017cliwo\u015bci i krytycznego my\u015blenia. Zawsze z przyjemno\u015bci\u0105 polecam ich m\u0142odzie\u017cy \u2013 to teatr, kt\u00f3ry inspiruje i otwiera umys\u0142y.\u201d<\/p>\n\n\n\n<p>\u201e\u015aledz\u0119 grup\u0119 NEON od kilku lat i za ka\u017cdym razem jestem pod ogromnym wra\u017ceniem ich rozwoju. Ka\u017cdy nowy spektakl to kolejny dow\u00f3d na to, \u017ce potrafi\u0105 zaskakiwa\u0107 i porusza\u0107. Kocham t\u0119 atmosfer\u0119 blisko\u015bci mi\u0119dzy aktorami a publiczno\u015bci\u0105 \u2013 to teatr z sercem!\u201d<\/p>\n<\/div>\n<\/div>\n\n\n\n<div class=\"wp-block-column is-layout-flow wp-block-column-is-layout-flow\" style=\"padding-top:0;padding-right:0;padding-bottom:0;padding-left:0\">\n<figure class=\"wp-block-image size-large\"><img loading=\"lazy\" decoding=\"async\" width=\"1024\" height=\"1024\" src=\"http:\/\/www.teatrneon.pl\/wp-content\/uploads\/2025\/06\/logo-neon-1024x1024.png\" alt=\"\" class=\"wp-image-46\" style=\"aspect-ratio:1;object-fit:cover\" srcset=\"http:\/\/www.teatrneon.pl\/wp-content\/uploads\/2025\/06\/logo-neon-1024x1024.png 1024w, http:\/\/www.teatrneon.pl\/wp-content\/uploads\/2025\/06\/logo-neon-300x300.png 300w, http:\/\/www.teatrneon.pl\/wp-content\/uploads\/2025\/06\/logo-neon-150x150.png 150w, http:\/\/www.teatrneon.pl\/wp-content\/uploads\/2025\/06\/logo-neon-768x768.png 768w, http:\/\/www.teatrneon.pl\/wp-content\/uploads\/2025\/06\/logo-neon-1536x1536.png 1536w, http:\/\/www.teatrneon.pl\/wp-content\/uploads\/2025\/06\/logo-neon.png 2000w\" sizes=\"auto, (max-width: 1024px) 100vw, 1024px\" \/><\/figure>\n<\/div>\n<\/div>\n<\/div>\n\n\n\n<aside class=\"wp-block-group alignfull is-style-section-3 is-layout-constrained wp-container-core-group-is-layout-f0f2a97b wp-block-group-is-layout-constrained\" style=\"margin-top:0;margin-bottom:0;padding-top:var(--wp--preset--spacing--50);padding-right:var(--wp--preset--spacing--50);padding-bottom:var(--wp--preset--spacing--50);padding-left:var(--wp--preset--spacing--50)\">\n<div class=\"wp-block-group is-vertical is-content-justification-center is-layout-flex wp-container-core-group-is-layout-8778ca4a wp-block-group-is-layout-flex\" style=\"min-height:360px;margin-top:0;margin-bottom:0\">\n<h2 class=\"wp-block-heading has-text-align-center has-xx-large-font-size\">Chcesz dowiedzie\u0107 si\u0119 wi\u0119cej?<\/h2>\n\n\n\n<p class=\"has-xx-large-font-size\">NAPISZ DO NAS!<\/p>\n\n\n\n<p class=\"has-text-align-center is-style-text-subtitle\">email: neonteatr@gmail.com<\/p>\n\n\n\n<p class=\"is-style-text-subtitle\">ig: teatr.neon<\/p>\n\n\n\n<p class=\"is-style-text-subtitle\">Fb: teatr.neon<\/p>\n\n\n\n<p>TikTok: teatr.neon<\/p>\n\n\n\n<div style=\"height:0px\" aria-hidden=\"true\" class=\"wp-block-spacer wp-container-content-62aae154\"><\/div>\n\n\n\n<div class=\"wp-block-buttons is-content-justification-center is-layout-flex wp-container-core-buttons-is-layout-a89b3969 wp-block-buttons-is-layout-flex\">\n<div class=\"wp-block-button\"><a class=\"wp-block-button__link has-text-align-center wp-element-button\">mail:<\/a><\/div>\n<\/div>\n<\/div>\n<\/aside>\n\n\n\n<p><\/p>\n","protected":false},"excerpt":{"rendered":"<p>Niezale\u017cna grupa teatralna o ma\u0142ym bud\u017cecie i wielkich marzeniach&#8230; Kto to NEON? Obecnie w sk\u0142ad naszego teatru wchodzi 8 os\u00f3b aktorskich i 3 osoby odpowiedzialne za pion produkcyjno-techniczny O nas Jeste\u015bmy niezale\u017cn\u0105, amatorsk\u0105 grup\u0105 teatraln\u0105 zrzeszaj\u0105cych m\u0142odych aktor\u00f3w z r\u00f3\u017cnym wykszta\u0142ceniem i backgroundem dzia\u0142aj\u0105c\u0105 w Warszawie na terenie Domu Sztuki na Ursynowie od 2019 roku. [&hellip;]<\/p>\n","protected":false},"author":1,"featured_media":0,"parent":0,"menu_order":0,"comment_status":"closed","ping_status":"closed","template":"","meta":{"footnotes":""},"class_list":["post-16","page","type-page","status-publish","hentry"],"_links":{"self":[{"href":"http:\/\/www.teatrneon.pl\/index.php\/wp-json\/wp\/v2\/pages\/16","targetHints":{"allow":["GET"]}}],"collection":[{"href":"http:\/\/www.teatrneon.pl\/index.php\/wp-json\/wp\/v2\/pages"}],"about":[{"href":"http:\/\/www.teatrneon.pl\/index.php\/wp-json\/wp\/v2\/types\/page"}],"author":[{"embeddable":true,"href":"http:\/\/www.teatrneon.pl\/index.php\/wp-json\/wp\/v2\/users\/1"}],"replies":[{"embeddable":true,"href":"http:\/\/www.teatrneon.pl\/index.php\/wp-json\/wp\/v2\/comments?post=16"}],"version-history":[{"count":12,"href":"http:\/\/www.teatrneon.pl\/index.php\/wp-json\/wp\/v2\/pages\/16\/revisions"}],"predecessor-version":[{"id":105,"href":"http:\/\/www.teatrneon.pl\/index.php\/wp-json\/wp\/v2\/pages\/16\/revisions\/105"}],"wp:attachment":[{"href":"http:\/\/www.teatrneon.pl\/index.php\/wp-json\/wp\/v2\/media?parent=16"}],"curies":[{"name":"wp","href":"https:\/\/api.w.org\/{rel}","templated":true}]}}

<figure class="wp-block-image size-large"><img loading="lazy" decoding="async" width="1024" height="1024" src="http://www.teatrneon.pl/wp-content/uploads/2025/06/logo-neon-1024x1024.png" alt="" class="wp-image-46" srcset="http://www.teatrneon.pl/wp-content/uploads/2025/06/logo-neon-1024x1024.png 1024w, http://www.teatrneon.pl/wp-content/uploads/2025/06/logo-neon-300x300.png 300w, http://www.teatrneon.pl/wp-content/uploads/2025/06/logo-neon-150x150.png 150w, http://www.teatrneon.pl/wp-content/uploads/2025/06/logo-neon-768x768.png 768w, http://www.teatrneon.pl/wp-content/uploads/2025/06/logo-neon-1536x1536.png 1536w, http://www.teatrneon.pl/wp-content/uploads/2025/06/logo-neon.png 2000w" sizes="auto, (max-width: 1024px) 100vw, 1024px" /></figure>



<p class="has-x-large-font-size">Niezależna grupa teatralna o małym budżecie i wielkich marzeniach&#8230;</p>



<div class="wp-block-group alignfull is-layout-constrained wp-container-core-group-is-layout-0c9c989a wp-block-group-is-layout-constrained" style="min-height:0vh;margin-top:0;margin-bottom:0;padding-top:var(--wp--preset--spacing--70);padding-right:var(--wp--preset--spacing--40);padding-bottom:var(--wp--preset--spacing--70);padding-left:var(--wp--preset--spacing--40)">
<div class="wp-block-group is-layout-constrained wp-container-core-group-is-layout-346627ba wp-block-group-is-layout-constrained">
<h2 class="wp-block-heading has-text-align-center has-x-large-font-size" style="margin-right:0;margin-left:0;padding-right:0;padding-left:0">Kto to NEON?</h2>



<p class="has-text-align-center">Obecnie w skład naszego teatru wchodzi 8 osób aktorskich i 3 osoby odpowiedzialne za pion produkcyjno-techniczny</p>



<div class="wp-block-buttons is-content-justification-center is-layout-flex wp-container-core-buttons-is-layout-a89b3969 wp-block-buttons-is-layout-flex">
<div class="wp-block-button"><a class="wp-block-button__link wp-element-button">Dowiedz się więcej</a></div>
</div>
</div>
</div>



<div class="wp-block-group alignfull is-style-section-1 is-layout-constrained wp-block-group-is-layout-constrained" style="margin-top:0;margin-bottom:0;padding-top:var(--wp--preset--spacing--80);padding-bottom:var(--wp--preset--spacing--80)">
<div class="wp-block-columns alignwide is-layout-flex wp-container-core-columns-is-layout-66fad18a wp-block-columns-is-layout-flex">
<div class="wp-block-column is-layout-flow wp-block-column-is-layout-flow" style="padding-right:var(--wp--preset--spacing--50);flex-basis:45%">
<figure class="wp-block-image size-full"><img loading="lazy" decoding="async" width="1152" height="1152" src="http://www.teatrneon.pl/wp-content/uploads/2025/06/462087488_1760400854709445_6572858239352128091_n-edited.jpg" alt="" class="wp-image-42" srcset="http://www.teatrneon.pl/wp-content/uploads/2025/06/462087488_1760400854709445_6572858239352128091_n-edited.jpg 1152w, http://www.teatrneon.pl/wp-content/uploads/2025/06/462087488_1760400854709445_6572858239352128091_n-edited-300x300.jpg 300w, http://www.teatrneon.pl/wp-content/uploads/2025/06/462087488_1760400854709445_6572858239352128091_n-edited-1024x1024.jpg 1024w, http://www.teatrneon.pl/wp-content/uploads/2025/06/462087488_1760400854709445_6572858239352128091_n-edited-150x150.jpg 150w, http://www.teatrneon.pl/wp-content/uploads/2025/06/462087488_1760400854709445_6572858239352128091_n-edited-768x768.jpg 768w" sizes="auto, (max-width: 1152px) 100vw, 1152px" /></figure>



<div class="wp-block-group is-layout-constrained wp-block-group-is-layout-constrained" style="margin-top:-12vw">
<figure class="wp-block-image alignright size-full is-resized" style="margin-right:-5vw;margin-left:-5vw"><img loading="lazy" decoding="async" width="817" height="817" src="http://www.teatrneon.pl/wp-content/uploads/2025/06/462534258_557793506883571_5416882523428062945_n-edited-1.jpg" alt="" class="wp-image-45" style="width:319px;height:auto" srcset="http://www.teatrneon.pl/wp-content/uploads/2025/06/462534258_557793506883571_5416882523428062945_n-edited-1.jpg 817w, http://www.teatrneon.pl/wp-content/uploads/2025/06/462534258_557793506883571_5416882523428062945_n-edited-1-300x300.jpg 300w, http://www.teatrneon.pl/wp-content/uploads/2025/06/462534258_557793506883571_5416882523428062945_n-edited-1-150x150.jpg 150w, http://www.teatrneon.pl/wp-content/uploads/2025/06/462534258_557793506883571_5416882523428062945_n-edited-1-768x768.jpg 768w" sizes="auto, (max-width: 817px) 100vw, 817px" /></figure>
</div>
</div>



<div class="wp-block-column is-vertically-aligned-center is-layout-flow wp-block-column-is-layout-flow" style="padding-right:0;padding-left:0;flex-basis:50%">
<div class="wp-block-group is-vertical is-layout-flex wp-container-core-group-is-layout-fe9cc265 wp-block-group-is-layout-flex">
<h2 class="wp-block-heading is-style-text-annotation has-x-large-font-size">O nas</h2>
</div>



<p class="is-style-text-subtitle has-large-font-size">Jesteśmy niezależną, amatorską grupą teatralną zrzeszających młodych aktorów z różnym wykształceniem i backgroundem działającą w Warszawie na terenie Domu Sztuki na Ursynowie od 2019 roku. </p>



<p class="is-style-text-subtitle has-large-font-size">Naszą działalność zainicjowały Aleksandra Breitling i Magdalena Strojnowska, które od wielu lat związane są z tą placówką. Od czasu powstania grupy NEON cały czas rozwijamy się i tworzymy.</p>
</div>
</div>
</div>



<div class="wp-block-group alignfull is-layout-constrained wp-block-group-is-layout-constrained" style="margin-top:0;margin-bottom:0;padding-top:var(--wp--preset--spacing--60);padding-bottom:var(--wp--preset--spacing--60)">
<div class="wp-block-columns alignwide is-layout-flex wp-container-core-columns-is-layout-74b2cda3 wp-block-columns-is-layout-flex">
<div class="wp-block-column is-layout-flow wp-block-column-is-layout-flow">
<div class="wp-block-group is-vertical is-content-justification-left is-layout-flex wp-container-core-group-is-layout-7ce391b6 wp-block-group-is-layout-flex" style="min-height:100%">
<h2 class="wp-block-heading is-style-text-annotation has-x-small-font-size">Co o nas mówią inni:</h2>



<blockquote class="wp-block-quote is-style-plain has-x-large-font-size is-layout-flow wp-container-core-quote-is-layout-5dafc681 wp-block-quote-is-layout-flow" style="font-style:normal;font-weight:400">
<p></p>
</blockquote>



<p>„Spektakle grupy NEON to prawdziwa uczta dla duszy! Widać, że każdy występ jest tworzony z ogromną pasją i zaangażowaniem. Aktorzy wciągają widza w świat przedstawienia od pierwszej minuty, a emocje nie opuszczają jeszcze długo po wyjściu z sali. To teatr, który naprawdę porusza!”</p>



<p>„Grupa teatralna NEON imponuje świeżym podejściem do formy scenicznej i wyjątkową spójnością artystyczną. Ich spektakle łączą nowoczesny język teatralny z głębokim przesłaniem, a reżyseria i oprawa wizualna stoją na najwyższym poziomie. To zespół, który bez wątpienia zasługuje na miejsce wśród najciekawszych inicjatyw teatralnych w Polsce.”</p>



<p>„Byłam zachwycona! Grupa NEON potrafi sprawić, że teatr staje się czymś naprawdę żywym i współczesnym. Nie ma nudy, jest energia, humor i emocje. Widać, że aktorzy kochają to, co robią – i ta pasja udziela się każdemu na widowni!”</p>



<p>„NEON to świetny przykład, jak można w przystępny i artystycznie wartościowy sposób mówić o ważnych tematach. Ich spektakle nie tylko bawią, ale też uczą wrażliwości i krytycznego myślenia. Zawsze z przyjemnością polecam ich młodzieży – to teatr, który inspiruje i otwiera umysły.”</p>



<p>„Śledzę grupę NEON od kilku lat i za każdym razem jestem pod ogromnym wrażeniem ich rozwoju. Każdy nowy spektakl to kolejny dowód na to, że potrafią zaskakiwać i poruszać. Kocham tę atmosferę bliskości między aktorami a publicznością – to teatr z sercem!”</p>
</div>
</div>



<div class="wp-block-column is-layout-flow wp-block-column-is-layout-flow" style="padding-top:0;padding-right:0;padding-bottom:0;padding-left:0">
<figure class="wp-block-image size-large"><img loading="lazy" decoding="async" width="1024" height="1024" src="http://www.teatrneon.pl/wp-content/uploads/2025/06/logo-neon-1024x1024.png" alt="" class="wp-image-46" style="aspect-ratio:1;object-fit:cover" srcset="http://www.teatrneon.pl/wp-content/uploads/2025/06/logo-neon-1024x1024.png 1024w, http://www.teatrneon.pl/wp-content/uploads/2025/06/logo-neon-300x300.png 300w, http://www.teatrneon.pl/wp-content/uploads/2025/06/logo-neon-150x150.png 150w, http://www.teatrneon.pl/wp-content/uploads/2025/06/logo-neon-768x768.png 768w, http://www.teatrneon.pl/wp-content/uploads/2025/06/logo-neon-1536x1536.png 1536w, http://www.teatrneon.pl/wp-content/uploads/2025/06/logo-neon.png 2000w" sizes="auto, (max-width: 1024px) 100vw, 1024px" /></figure>
</div>
</div>
</div>



<aside class="wp-block-group alignfull is-style-section-3 is-layout-constrained wp-container-core-group-is-layout-f0f2a97b wp-block-group-is-layout-constrained" style="margin-top:0;margin-bottom:0;padding-top:var(--wp--preset--spacing--50);padding-right:var(--wp--preset--spacing--50);padding-bottom:var(--wp--preset--spacing--50);padding-left:var(--wp--preset--spacing--50)">
<div class="wp-block-group is-vertical is-content-justification-center is-layout-flex wp-container-core-group-is-layout-8778ca4a wp-block-group-is-layout-flex" style="min-height:360px;margin-top:0;margin-bottom:0">
<h2 class="wp-block-heading has-text-align-center has-xx-large-font-size">Chcesz dowiedzieć się więcej?</h2>



<p class="has-xx-large-font-size">NAPISZ DO NAS!</p>



<p class="has-text-align-center is-style-text-subtitle">email: neonteatr@gmail.com</p>



<p class="is-style-text-subtitle">ig: teatr.neon</p>



<p class="is-style-text-subtitle">Fb: teatr.neon</p>



<p>TikTok: teatr.neon</p>



<div style="height:0px" aria-hidden="true" class="wp-block-spacer wp-container-content-62aae154"></div>



<div class="wp-block-buttons is-content-justification-center is-layout-flex wp-container-core-buttons-is-layout-a89b3969 wp-block-buttons-is-layout-flex">
<div class="wp-block-button"><a class="wp-block-button__link has-text-align-center wp-element-button">mail:</a></div>
</div>
</div>
</aside>



<p></p>

<p>Niezależna grupa teatralna o małym budżecie i wielkich marzeniach&#8230; Kto to NEON? Obecnie w skład naszego teatru wchodzi 8 osób aktorskich i 3 osoby odpowiedzialne za pion produkcyjno-techniczny O nas Jesteśmy niezależną, amatorską grupą teatralną zrzeszających młodych aktorów z różnym wykształceniem i backgroundem działającą w Warszawie na terenie Domu Sztuki na Ursynowie od 2019 roku. [&hellip;]</p>
